t is -3354 - 62?
-3436
In base 11, what is -43576 + 1?
-43575
In base 5, what is 43 + 20303?
20401
In base 6, what is 30 - 252335?
-252305
In base 10, what is 62 + -5007?
-4945
In base 5, what is 44300 - -4?
44304
In base 4, what is -300121112 - 31?
-300121203
In base 16, what is -15 - -a92?
a7d
In base 7, what is 4 - -152162?
152166
In base 3, what is 22122211120 + 10?
22122211200
In base 15, what is 3bd06e - -3?
3bd072
In base 13, what is -2 + 10544a?
105448
In base 16, what is 7 + -1298?
-1291
In base 5, what is 10 + -114301?
-114241
In base 15, what is 14 - 79a2?
-798d
In base 12, what is -b6b4 - -20?
-b694
In base 4, what is 10 - -113213301?
113213311
In base 2, what is -110111110 + 10100000?
-100011110
In base 13, what is 33740 + -4?
33739
In base 3, what is 122102202 - -11?
122102220
In base 13, what is -a - 9788?
-9795
In base 14, what is 2 - -124918?
12491a
In base 10, what is -1 + -48824?
-48825
In base 9, what is -1 + 202886?
202885
In base 6, what is 22134055 - 1?
22134054
In base 13, what is a6 - 514?
-43b
In base 5, what is -4101 - -333?
-3213
In base 2, what is -101011101011110100000 + -11?
-101011101011110100011
In base 12, what is -bb42 + -2?
-bb44
In base 15, what is -a + -7ba5?
-7bb0
In base 7, what is 15310 + 50?
15360
In base 10, what is -787 + -86?
-873
In base 11, what is 2a - 3600?
-3581
In base 11, what is -22 + 23343?
23321
In base 8, what is 33727 - -17?
33746
In base 4, what is -1311 - -2121221?
2113310
In base 5, what is -4 + 100000442?
100000433
In base 3, what is 2220 + -12220120?
-12210200
In base 7, what is -53530 - 60?
-53620
In base 8, what is 367270 + -2?
367266
In base 2, what is -110100 - 1000000010010?
-1000001000110
In base 2, what is -10010000000000 + -10100?
-10010000010100
In base 10, what is -49 + -4835?
-4884
In base 5, what is 1343403 - 4?
1343344
In base 14, what is -1 + -185d44?
-185d45
In base 5, what is 3 - -213301?
213304
In base 12, what is -a206 + -5?
-a20b
In base 11, what is 6 - -2a74?
2a7a
In base 14, what is -3224 - -a?
-3218
In base 11, what is -4 - -6837?
6833
In base 2, what is -10100100 - -1001000?
-1011100
In base 8, what is 1547 + -577?
750
In base 5, what is -10 - -120202?
120142
In base 13, what is -3898 - 4?
-389c
In base 2, what is 110110111100101 + -101?
110110111100000
In base 9, what is -52 - 3603?
-3655
In base 11, what is 3a7 + 293?
68a
In base 5, what is 1 - -403034013?
403034014
In base 5, what is 2411230 + 3?
2411233
In base 11, what is 4984 - 31?
4953
In base 5, what is 14 - -1230411?
1230430
In base 8, what is -3126 - 25?
-3153
In base 13, what is 3c4b - 69?
3bb2
In base 9, what is -45 + -18344?
-18400
In base 8, what is -4413 - 6?
-4421
In base 4, what is -33330 + -212?
-100202
In base 2, what is -1011100001001011100100 - 1?
-1011100001001011100101
In base 2, what is 101000111000 + -10101?
101000100011
In base 11, what is -587 + 19?
-569
In base 3, what is 21112212202 + 111?
21112220020
In base 7, what is -22 + 2434662?
2434640
In base 2, what is -11000010101 + -11011001?
-11011101110
In base 2, what is -11001000111011 + 100?
-11001000110111
In base 4, what is -20123322302 + -2?
-20123322310
In base 12, what is -2a82 - -5?
-2a79
In base 13, what is 1c - 78bb6?
-78b97
In base 10, what is -9993 - 4?
-9997
In base 7, what is -43 - 16324?
-16400
In base 9, what is 224 + -163?
51
In base 9, what is -2358145 + -1?
-2358146
In base 16, what is -17969 + -4?
-1796d
In base 15, what is -e202 - 2?
-e204
In base 8, what is -141 + -1175?
-1336
In base 13, what is 26 - 1b9c6?
-1b9a0
In base 9, what is 125 - 22623?
-22487
In base 10, what is -1 + -91423?
-91424
In base 11, what is a2908 + a?
a2917
In base 16, what is 0 - -8ab?
8ab
In base 8, what is -13517356 + 4?
-13517352
In base 2, what is 10011111011 + -1100110?
10010010101
In base 4, what is -212200 + 111?
-212023
In base 2, what is 10 + 10100101111?
10100110001
In base 3, what is -11 - -20012111022?
20012111011
In base 7, what is 53 + 12350?
12433
In base 5, what is 331334 - -2?
331341
In base 12, what is -1 - 112011?
-112012
In base 11, what is -7275a + -3?
-72762
In base 9, what is -26 + 368?
342
In base 13, what is -a6b - 7?
-a75
In base 11, what is 2 + 22904?
22906
In base 13, what is 20 - 315?
-2c5
In base 4, what is -102330322 + 12?
-102330310
In base 3, what is 2020 - -2020202?
2022222
In base 2, what is 10 - -110001000110100?
110001000110110
In base 11, what is 4 - -166580?
166584
In base 8, what is -12636 + 20?
-12616
In base 10, what is -1 - 19092?
-19093
In base 2, what is 0 + 100101000100011?
100101000100011
In base 5, what is 1343 + -1322203?
-1320310
In base 4, what is 10 + 302033?
302103
In base 15, what is 3 - 262e?
-262b
In base 6, what is -1034 - 155211?
-200245
In base 11, what is 1341986 - 1?
1341985
In base 14, what is -3d - -9c4?
985
In base 16, what is -11a + -fc?
-216
In base 5, what is -2443314 + -44?
-2443413
In base 13, what is 3 + -826?
-823
In base 8, what is 10105 + 30?
10135
In base 11, what is 3 + -3037?
-3034
In base 2, what is 10 - -10100001110001001001?
10100001110001001011
In base 5, what is -1 + 401240?
401234
In base 8, what is 3 + -221?
-216
In base 13, what is 5 + -4629c?
-46297
In base 13, what is 2 - -110ba?
110bc
In base 15, what is -1 + 16bad?
16bac
In base 11, what is -429 + -404?
-832
In base 15, what is 27a6dc - -5?
27a6e2
In base 14, what is 308 + -137?
1b1
In base 8, what is -2 + 7400?
7376
In base 4, what is 3032000 + -10?
3031330
In base 16, what is -3 + -b920?
-b923
In base 15, what is -208 - 8?
-211
In base 10, what is -1347 + -128?
-1475
In base 3, what is 10122012 + -2002222?
1112020
In base 6, what is 125453545 - 0?
125453545
In base 9, what is -46 + -623?
-670
In base 2, what is 1001011 + 101111010010?
110000011101
In base 10, what is 43 + -3631?
-3588
In base 5, what is -4302 - -1044?
-3203
In base 8, what is -3522 - -330?
-3172
In base 2, what is -10010001100011 - -1000?
-10010001011011
In base 2, what is -100 + -1001100011111?
-1001100100011
In base 3, what is 211001 - 1100?
202201
In base 6, what is -2504251 + 40?
-2504211
In base 10, what is 12 + 542?
554
In base 8, what is -273 - -356?
63
In base 3, what is 1012020 + -20100?
221220
In base 2, what is 11001110100100 + -1111?
11001110010101
In base 12, what is 7 - 3978b?
-39784
In base 15, what is -10 + 192?
182
In base 14, what is -8 - 21890?
-21898
In base 11, what is -737 + 3?
-734
In base 7, what is -440345 + 3?
-440342
In base 5, what is 11003103 - 14?
11003034
In base 14, what is -2b693 - 59?
-2b70c
In base 11, what is 35 + a48?
a82
In base 16, what is -3414 + 3?
-3411
In base 10, what is -20 - -2386?
2366
In base 5, what is -4 - -111313213?
111313204
In base 4, what is -1130 - -332?
-132
In base 10, what is 334 - 2006?
-1672
In base 9, what is -341 + 71?
-260
In base 14, what is -4 + -895b8?
-895bc
In base 12, what is 12902a - 2?
129028
In base 8, what is -6153312 + -1?
-6153313
In base 6, what is -230514 - -405?
-230105
In base 5, what is -423343 - 0?
-423343
In base 11, what is 161a55 - 5?
161a50
In base 5, what is -103 + -4031242?
-4031400
In base 4, what is -1022 - 31?
-1113
In base 6, what is 1444 + 21011?
22455
In base 8, what is -662061 - -4?
-662055
In base 15, what is 279 - -110?
389
In base 12, what is -264224 + 2?
-264222
In base 6, what is -4453 - 3523?
-12420
In base 8, what is 5 - 111155?
-111150
In base 11, what is -29 - 1457?
-1485
In base 4, what is 11202231 - 11?
11202220
In base 2, what is 1101 - -11011000?
11100101
In base 5, what is 3311 - 34240?
-30424
In base 6, what is 20420 + -45?
20331
In base 6, what is 1041301 - 13?
1041244
In base 16, what is -9ef5 + -2c?
-9f21
In base 11, what is 20860 - -3?
20863
In base 13, what is -2 - -50c3?
50c1
In base 13, what is 1 + 5185?
5186
In base 7, what is -2366200 + -1?
-2366201
In base 8, what is 1 + -314455?
-314454
In base 6, what is -5551 + 210?
-5341
In base 2, what is 11100010 + 1011101?
100111111
In base 7, what is 12500 - -1?
12501
In base 5, what is -1 + 1140433?
1140432
In base 11, what is 2 - 2734a?
-27348
In base 13, what is -118271c + -3?
-1182722
In base 4, what is -1123301023 + 1?
-1123301022
In base 9, what is 46 - -160503?
160550
In base 3, what is -2120020 + 122120?
-1220200
In base 15, what is 5 - -881?
886
In base 6, what i